?
352753
What are the prime factors of 1178155?
5, 11, 31, 691
What are the prime factors of 735866?
2, 139, 2647
What are the prime factors of 2373581?
7, 107, 3169
List the prime factors of 31819361.
7, 31, 331, 443
List the prime factors of 634023.
3, 13, 5419
What are the prime factors of 686998?
2, 13, 26423
What are the prime factors of 7995404?
2, 37, 89, 607
What are the prime factors of 4193206?
2, 251, 8353
What are the prime factors of 268203?
3, 13, 23
List the prime factors of 282167.
282167
List the prime factors of 4195153.
61, 97, 709
List the prime factors of 1647174.
2, 3, 274529
List the prime factors of 1799549.
1799549
List the prime factors of 2256991.
11, 19, 10799
What are the prime factors of 1226433?
3, 13, 41, 59
What are the prime factors of 895915?
5, 59, 3037
What are the prime factors of 7457253?
3, 19, 130829
What are the prime factors of 237835?
5, 13, 3659
List the prime factors of 1836737.
7, 262391
What are the prime factors of 75675?
3, 5, 1009
What are the prime factors of 26223?
3, 8741
What are the prime factors of 124865?
5, 13, 17, 113
List the prime factors of 830196.
2, 3, 7687
What are the prime factors of 2436077?
7, 348011
What are the prime factors of 440800?
2, 5, 19, 29
What are the prime factors of 1347083?
71, 18973
List the prime factors of 631150.
2, 5, 13, 971
List the prime factors of 2349522.
2, 3, 7, 29, 643
What are the prime factors of 37886?
2, 19, 997
What are the prime factors of 1214952?
2, 3, 23, 31, 71
List the prime factors of 30670758.
2, 3, 353, 1609
What are the prime factors of 4117719?
3, 167, 8219
What are the prime factors of 3448278?
2, 3, 63857
What are the prime factors of 4027173?
3, 101, 13291
What are the prime factors of 10912291?
13, 683, 1229
List the prime factors of 4910.
2, 5, 491
List the prime factors of 5556483.
3, 617387
What are the prime factors of 3522104?
2, 37, 73, 163
List the prime factors of 212637.
3, 70879
What are the prime factors of 40300064?
2, 7, 17, 19, 557
What are the prime factors of 3595202?
2, 13, 53, 2609
List the prime factors of 231470.
2, 5, 79, 293
List the prime factors of 8586793.
8586793
What are the prime factors of 6728034?
2, 3, 479, 2341
List the prime factors of 14492.
2, 3623
What are the prime factors of 15924911?
37, 127, 3389
List the prime factors of 36966.
2, 3, 61, 101
List the prime factors of 540789.
3, 180263
List the prime factors of 2035201.
7, 23, 12641
List the prime factors of 21376467.
3, 7, 59, 71
List the prime factors of 1066187.
157, 6791
List the prime factors of 48356.
2, 7, 11, 157
What are the prime factors of 7048574?
2, 13, 17, 37, 431
List the prime factors of 6804531.
3, 29, 31
What are the prime factors of 7427581?
7, 97, 10939
List the prime factors of 9290678.
2, 47, 98837
What are the prime factors of 3743670?
2, 3, 5, 7, 17827
List the prime factors of 660894.
2, 3, 13, 37, 229
What are the prime factors of 164554?
2, 13, 6329
List the prime factors of 18486015.
3, 5, 1232401
What are the prime factors of 858242?
2, 7, 11, 5573
List the prime factors of 192991.
192991
List the prime factors of 25692040.
2, 5, 11, 58391
List the prime factors of 9690082.
2, 4845041
List the prime factors of 20247884.
2, 17, 131, 2273
What are the prime factors of 8931746?
2, 113, 39521
What are the prime factors of 4621345?
5, 924269
List the prime factors of 416649.
3, 138883
What are the prime factors of 350210?
2, 5, 7, 5003
What are the prime factors of 25214977?
1297, 19441
List the prime factors of 1099543.
17, 64679
What are the prime factors of 1208520?
2, 3, 5, 373
What are the prime factors of 4748659?
311, 15269
List the prime factors of 7355885.
5, 1471177
What are the prime factors of 22970?
2, 5, 2297
List the prime factors of 343656.
2, 3, 37, 43
What are the prime factors of 1443072?
2, 3, 1879
List the prime factors of 1377432.
2, 3, 7, 911
List the prime factors of 838105.
5, 167621
What are the prime factors of 28739?
29, 991
List the prime factors of 6792902.
2, 29, 117119
What are the prime factors of 241139?
293, 823
What are the prime factors of 20033389?
20033389
List the prime factors of 742512.
2, 3, 31, 499
List the prime factors of 5726915.
5, 53, 21611
What are the prime factors of 6544667?
6544667
What are the prime factors of 390244?
2, 97561
List the prime factors of 5757431.
983, 5857
List the prime factors of 68635.
5, 7, 37, 53
What are the prime factors of 2784491?
2784491
List the prime factors of 1958162.
2, 17, 57593
What are the prime factors of 407767?
23, 17729
List the prime factors of 534535.
5, 106907
What are the prime factors of 1312106?
2, 31, 21163
What are the prime factors of 258437?
258437
What are the prime factors of 1126072?
2, 140759
What are the prime factors of 2360399?
17, 43, 3229
List the prime factors of 4294245.
3, 5, 353, 811
List the prime factors of 17000383.
19, 571, 1567
What are the prime factors of 2453558?
2, 1226779
What are the prime factors of 4244499?
3, 7, 89, 757
What are the prime factors of 600664?
2, 75083
List the prime factors of 1139778.
2, 3, 21107
What are the prime factors of 8899118?
2, 4449559
What are the prime factors of 16027956?
2, 3, 7, 37, 191
What are the prime factors of 850609?
23, 31, 1193
What are the prime factors of 410147?
29, 14143
What are the prime factors of 1098130?
2, 5, 11, 67, 149
List the prime factors of 1235074.
2, 617537
What are the prime factors of 82658?
2, 37, 1117
What are the prime factors of 128450?
2, 5, 7, 367
List the prime factors of 1753666.
2, 876833
What are the prime factors of 2586696?
2, 3, 7, 89, 173
List the prime factors of 6438509.
7, 11, 83617
What are the prime factors of 274996?
2, 68749
List the prime factors of 6617139.
3, 2205713
What are the prime factors of 450859?
450859
List the prime factors of 1203121.
1203121
What are the prime factors of 2009101?
293, 6857
What are the prime factors of 1607542?
2, 167, 4813
What are the prime factors of 375363?
3, 179, 233
What are the prime factors of 2078504?
2, 259813
What are the prime factors of 220606?
2, 73, 1511
What are the prime factors of 536115?
3, 5, 103, 347
List the prime factors of 4395516.
2, 3, 366293
What are the prime factors of 13050702?
2, 3, 7, 103577
What are the prime factors of 4536433?
11, 17, 1427
List the prime factors of 1287091.
13, 181, 547
What are the prime factors of 272588?
2, 68147
What are the prime factors of 373300?
2, 5, 3733
List the prime factors of 2108768.
2, 65899
What are the prime factors of 7454950?
2, 5, 149099
List the prime factors of 172276.
2, 13, 3313
What are the prime factors of 4353059?
1553, 2803
What are the prime factors of 108401?
108401
What are the prime factors of 13525815?
3, 5, 19, 47459
List the prime factors of 7661153.
101, 75853
What are the prime factors of 1167259?
179, 6521
What are the prime factors of 775189?
775189
What are the prime factors of 100736?
2, 787
What are the prime factors of 176610?
2, 3, 5, 7, 29
List the prime factors of 85361.
85361
List the prime factors of 8303762.
2, 37, 112213
What are the prime factors of 213204?
2, 3, 109, 163
What are the prime factors of 6187207?
13, 23, 20693
List the prime factors of 769349.
7, 2243
What are the prime factors of 399901?
23, 17387
List the prime factors of 3691720.
2, 5, 17, 61, 89
List the prime factors of 168431.
43, 3917
What are the prime factors of 2379372?
2, 3, 198281
List the prime factors of 1955469.
3, 631, 1033
List the prime factors of 760906.
2, 380453
What are the prime factors of 176574?
2, 3, 29429
What are the prime factors of 6316837?
6316837
List the prime factors of 609782.
2, 509, 599
What are the prime factors of 619868?
2, 353, 439
List the prime factors of 36504655.
5, 11, 107, 6203
What are the prime factors of 2780?
2, 5, 139
What are the prime factors of 21131026?
2, 7, 31, 181, 269
What are the prime factors of 122619?
3, 7, 5839
List the prime factors of 1291658.
2, 19, 1789
What are the prime factors of 237209?
7, 47, 103
List the prime factors of 8681203.
17, 257, 1987
List the prime factors of 1501632.
2, 3, 11, 79
What are the prime factors of 2527641?
3, 163, 1723
What are the prime factors of 3590699?
7, 31, 16547
What are the prime factors of 1014589?
4